399.
3, 31, 6427
List the prime factors of 215648154.
2, 3, 269, 44537
List the prime factors of 16596301.
17, 976253
What are the prime factors of 689496957?
3, 76610773
What are the prime factors of 1262678515?
5, 7, 31, 1163759
What are the prime factors of 1362549313?
193, 229, 30829
List the prime factors of 9756146.
2, 4878073
What are the prime factors of 250000572?
2, 3, 17, 1225493
What are the prime factors of 65609956?
2, 16402489
List the prime factors of 596658621.
3, 13, 541, 28279
List the prime factors of 18827860.
2, 5, 19, 49547
List the prime factors of 53300320.
2, 5, 19, 89, 197
List the prime factors of 658736259.
3, 89, 337, 7321
List the prime factors of 611966160.
2, 3, 5, 13, 65381
List the prime factors of 461262860.
2, 5, 71, 157, 2069
List the prime factors of 905313453.
3, 11, 83, 103, 3209
What are the prime factors of 872013988?
2, 218003497
What are the prime factors of 177007508?
2, 3541, 12497
What are the prime factors of 335328139?
103, 3255613
List the prime factors of 1116116768.
2, 13, 23, 157, 743
List the prime factors of 2324568538.
2, 131, 2333, 3803
What are the prime factors of 1920028764?
2, 3, 160002397
List the prime factors of 36664640.
2, 5, 114577
What are the prime factors of 173604709?
83, 2091623
List the prime factors of 882498660.
2, 3, 5, 14708311
What are the prime factors of 50948480?
2, 5, 11, 7237
What are the prime factors of 1185504470?
2, 5, 113, 179, 5861
List the prime factors of 822957669.
3, 91439741
List the prime factors of 33862554.
2, 3, 11, 171023
What are the prime factors of 93229593?
3, 3011, 10321
List the prime factors of 44896480.
2, 5, 280603
What are the prime factors of 67082665?
5, 13, 37, 27893
List the prime factors of 2759976525.
3, 5, 941, 39107
List the prime factors of 439904889.
3, 163, 227, 1321
List the prime factors of 111650237.
17, 386333
List the prime factors of 16629437.
11, 23, 65729
List the prime factors of 591270996.
2, 3, 49272583
List the prime factors of 120738097.
17, 7102241
What are the prime factors of 156949795?
5, 457, 68687
List the prime factors of 4008128347.
4008128347
What are the prime factors of 579360275?
5, 13, 1782647
What are the prime factors of 6041661371?
167, 36177613
List the prime factors of 41316297.
3, 11, 113819
What are the prime factors of 12978070?
2, 5, 7, 185401
List the prime factors of 1316341089.
3, 7, 631, 33113
List the prime factors of 67099819.
67099819
List the prime factors of 7105980.
2, 3, 5, 7, 2417
List the prime factors of 30322120.
2, 5, 758053
List the prime factors of 831103039.
13, 63931003
List the prime factors of 65798379.
3, 2436977
List the prime factors of 179189142.
2, 3, 11, 246817
List the prime factors of 3264930550.
2, 5, 7, 19, 490967
What are the prime factors of 52425039?
3, 2719, 6427
What are the prime factors of 19324382?
2, 7, 11, 29, 4327
List the prime factors of 367740490.
2, 5, 13, 631, 4483
What are the prime factors of 52623757?
52623757
What are the prime factors of 126666361?
126666361
List the prime factors of 258331075.
5, 10333243
List the prime factors of 111189902.
2, 55594951
What are the prime factors of 69244892?
2, 19, 467, 1951
What are the prime factors of 1710899285?
5, 342179857
What are the prime factors of 321198263?
321198263
What are the prime factors of 19556710?
2, 5, 1955671
What are the prime factors of 156643665?
3, 5, 2089, 4999
What are the prime factors of 22422455?
5, 11, 31, 13151
What are the prime factors of 241875354?
2, 3, 7, 17, 338761
List the prime factors of 1379383323.
3, 459794441
What are the prime factors of 353553963?
3, 7, 269, 8941
What are the prime factors of 28392691?
89, 263, 1213
What are the prime factors of 105634578?
2, 3, 7, 541, 4649
What are the prime factors of 915366515?
5, 7, 19, 1376491
List the prime factors of 89011161.
3, 43, 230003
List the prime factors of 5645866.
2, 2822933
What are the prime factors of 450785675?
5, 97, 211, 881
List the prime factors of 1147350285.
3, 5, 23, 59, 6263
What are the prime factors of 7921714?
2, 3960857
List the prime factors of 41978368.
2, 163, 503
What are the prime factors of 2383276165?
5, 3209, 148537
List the prime factors of 351291193.
11, 359, 8087
List the prime factors of 875352043.
167, 31387
What are the prime factors of 2893141151?
359, 8058889
List the prime factors of 10167925.
5, 406717
List the prime factors of 186741194.
2, 67, 311, 4481
List the prime factors of 54223619.
31, 1749149
What are the prime factors of 25475520?
2, 3, 5, 7, 17, 223
What are the prime factors of 2023355758?
2, 353, 397, 7219
What are the prime factors of 102433047?
3, 19, 41, 53, 827
List the prime factors of 1288201.
1288201
What are the prime factors of 73633478?
2, 37, 197, 5051
List the prime factors of 502101888.
2, 3, 1307557
What are the prime factors of 99984353?
7, 2040497
List the prime factors of 535569987.
3, 178523329
What are the prime factors of 23896843?
23896843
What are the prime factors of 55096668?
2, 3, 11, 139133
What are the prime factors of 161457681?
3, 7, 11, 63541
List the prime factors of 2882250966.
2, 3, 7, 397, 172859
What are the prime factors of 107814836?
2, 26953709
List the prime factors of 93915620.
2, 5, 37, 126913
What are the prime factors of 52410605?
5, 13, 806317
What are the prime factors of 49110165?
3, 5, 13, 27983
List the prime factors of 256359573.
3, 47, 67339
What are the prime factors of 1205300231?
127, 9490553
What are the prime factors of 93755256?
2, 3, 7, 558067
List the prime factors of 904905038.
2, 29, 1223, 12757
List the prime factors of 70641639.
3, 19, 197, 233
List the prime factors of 4237774.
2, 53, 39979
List the prime factors of 328021687.
7, 37, 1266493
List the prime factors of 1055198978.
2, 527599489
What are the prime factors of 4968921476?
2, 5953, 208673
List the prime factors of 2235341600.
2, 5, 421, 6637
What are the prime factors of 59560342?
2, 29780171
List the prime factors of 65917594.
2, 31, 47, 22621
What are the prime factors of 291682587?
3, 7, 13889647
What are the prime factors of 37934509?
37, 1025257
List the prime factors of 2104821381.
3, 13, 509, 106031
What are the prime factors of 2686472545?
5, 537294509
What are the prime factors of 105151319?
7, 13, 109, 10601
What are the prime factors of 104308949?
104308949
What are the prime factors of 18302839?
389, 47051
List the prime factors of 97233480.
2, 3, 5, 90031
List the prime factors of 67579369.
11, 13, 17, 27799
What are the prime factors of 2144659087?
2029, 1057003
List the prime factors of 6646863.
3, 181, 12241
List the prime factors of 573461223.
3, 191153741
What are the prime factors of 366707067?
3, 122235689
What are the prime factors of 61661389?
61661389
What are the prime factors of 99499902?
2, 3, 83, 199799
List the prime factors of 359999560.
2, 5, 607, 14827
List the prime factors of 967082387.
19, 47, 503, 2153
List the prime factors of 92375105.
5, 101, 182921
What are the prime factors of 7164847604?
2, 157, 11408993
What are the prime factors of 1081474408?
2, 7, 19312043
List the prime factors of 8370833796.
2, 3, 13, 17, 1052141
List the prime factors of 258601523.
79, 83, 39439
What are the prime factors of 66324351?
3, 4451, 4967
What are the prime factors of 439883520?
2, 3, 5, 114553
List the prime factors of 75758858.
2, 7, 5411347
What are the prime factors of 17229603?
3, 5743201
List the prime factors of 295852647.
3, 7079, 13931
List the prime factors of 5561859.
3, 691, 2683
List the prime factors of 151840805.
5, 30368161
List the prime factors of 378346466.
2, 189173233
What are the prime factors of 14095310?
2, 5, 1409531
What are the prime factors of 90376206?
2, 3, 47, 320483
What are the prime factors of 2897388391?
2897388391
List the prime factors of 123711888.
2, 3, 19, 135649
What are the prime factors of 28703229?
3, 47, 203569
What are the prime factors of 4394340035?
5, 149, 5898443
List the prime factors of 21858859.
11, 127, 15647
List the prime factors of 1024919150.
2, 5, 223, 91921
What are the prime factors of 1526725166?
2, 127, 6010729
List the prime factors of 2072133803.
3361, 616523
List the prime factors of 7482327150.
2, 3, 5, 47, 1061323
What are the prime factors